{"id":590,"date":"2020-09-01T19:02:24","date_gmt":"2020-09-01T17:02:24","guid":{"rendered":"http:\/\/inpettodesign.de\/?page_id=590"},"modified":"2020-09-05T00:35:27","modified_gmt":"2020-09-04T22:35:27","slug":"__trashed","status":"publish","type":"page","link":"https:\/\/inpettodesign.de\/?page_id=590","title":{"rendered":"Puristische Gl\u00e4ser"},"content":{"rendered":"\n<div class=\"alignnormal\"><div id=\"metaslider-id-594\" style=\"width: 100%;\" class=\"ml-slider-3-17-6 metaslider metaslider-flex metaslider-594 ml-slider ms-theme-highway nav-hidden\">\n    <div id=\"metaslider_container_594\">\n        <div id=\"metaslider_594\" class=\"flexslider\">\n            <ul aria-live=\"polite\" class=\"slides\">\n                <li style=\"display: block; width: 100%;\" class=\"slide-706 ms-image\"><img src=\"https:\/\/inpettodesign.de\/wp-content\/uploads\/2020\/09\/2A163E29-24E9-42EC-BE53-43C4B0563026-scaled-1280x1280.jpeg\" height=\"1280\" width=\"1280\" alt=\"\" class=\"slider-594 slide-706\" title=\"2A163E29-24E9-42EC-BE53-43C4B0563026\" \/><\/li>\n                <li style=\"display: none; width: 100%;\" class=\"slide-713 ms-image\"><img src=\"https:\/\/inpettodesign.de\/wp-content\/uploads\/2020\/09\/01EC92E1-9AA5-44FA-BD4C-38E0614B84CE-1280x1280.jpeg\" height=\"1280\" width=\"1280\" alt=\"\" class=\"slider-594 slide-713\" title=\"01EC92E1-9AA5-44FA-BD4C-38E0614B84CE\" \/><\/li>\n                <li style=\"display: none; width: 100%;\" class=\"slide-714 ms-image\"><img src=\"https:\/\/inpettodesign.de\/wp-content\/uploads\/2020\/09\/9DF1F845-3287-4FF9-AA02-ADFCBE8E04CE-1280x1280.jpeg\" height=\"1280\" width=\"1280\" alt=\"\" class=\"slider-594 slide-714\" title=\"9DF1F845-3287-4FF9-AA02-ADFCBE8E04CE\" \/><\/li>\n                <li style=\"display: none; width: 100%;\" class=\"slide-716 ms-image\"><img src=\"https:\/\/inpettodesign.de\/wp-content\/uploads\/2020\/09\/75646393-6172-49BB-ACF4-391EC73A4A8B-scaled-1280x1280.jpeg\" height=\"1280\" width=\"1280\" alt=\"\" class=\"slider-594 slide-716\" title=\"75646393-6172-49BB-ACF4-391EC73A4A8B\" \/><\/li>\n                <li style=\"display: none; width: 100%;\" class=\"slide-717 ms-image\"><img src=\"https:\/\/inpettodesign.de\/wp-content\/uploads\/2020\/09\/DFCFD20C-59B3-4720-9F4D-B55230556A83-scaled-1280x1280.jpeg\" height=\"1280\" width=\"1280\" alt=\"\" class=\"slider-594 slide-717\" title=\"DFCFD20C-59B3-4720-9F4D-B55230556A83\" \/><\/li>\n                <li style=\"display: none; width: 100%;\" class=\"slide-722 ms-image\"><img src=\"https:\/\/inpettodesign.de\/wp-content\/uploads\/2020\/09\/7DCA8CAF-7F98-4F42-B493-FD4E37786440-scaled-1280x1280.jpeg\" height=\"1280\" width=\"1280\" alt=\"\" class=\"slider-594 slide-722\" title=\"7DCA8CAF-7F98-4F42-B493-FD4E37786440\" \/><\/li>\n                <li style=\"display: none; width: 100%;\" class=\"slide-724 ms-image\"><img src=\"https:\/\/inpettodesign.de\/wp-content\/uploads\/2020\/09\/31C54EF8-ECF8-4824-9AFE-D16CC626A7C3-scaled-1280x1280.jpeg\" height=\"1280\" width=\"1280\" alt=\"\" class=\"slider-594 slide-724\" title=\"31C54EF8-ECF8-4824-9AFE-D16CC626A7C3\" \/><\/li>\n                <li style=\"display: none; width: 100%;\" class=\"slide-725 ms-image\"><img src=\"https:\/\/inpettodesign.de\/wp-content\/uploads\/2020\/09\/64320377-6C6E-4C55-836A-2C8E830941C1-scaled-1280x1280.jpeg\" height=\"1280\" width=\"1280\" alt=\"\" class=\"slider-594 slide-725\" title=\"64320377-6C6E-4C55-836A-2C8E830941C1\" \/><\/li>\n                <li style=\"display: none; width: 100%;\" class=\"slide-728 ms-image\"><img src=\"https:\/\/inpettodesign.de\/wp-content\/uploads\/2020\/09\/65B0E175-93F7-488D-A366-8AB7852BD855-scaled-1280x1280.jpeg\" height=\"1280\" width=\"1280\" alt=\"\" class=\"slider-594 slide-728\" title=\"65B0E175-93F7-488D-A366-8AB7852BD855\" \/><\/li>\n            <\/ul>\n        <\/div>\n        \n    <\/div>\n<\/div><\/div>\n\n\n\n<p>Einzigartiges Glas-Design, entworfen vom deutschen Designer Andreas Franke, mundgeblasen und handgefertigt in einer norddeutschen Glasmanufaktur. Genauso k\u00fchl, wie es Norddeutschen nachgesagt wird, ist dieses au\u00dfergew\u00f6hnliche Design. Schlicht und anmutig sind diese drei Serien &#8211; INPETTO Long Shot f\u00fcr den kleinen oder INPETTO Cock Tail f\u00fcr den ettttwas l\u00e4ngeren Drink, sowie INPETTO Long f\u00fcr Longdrinks. Die Gl\u00e4ser sehen nicht nur exklusiv aus &#8211;  auch der Genuss wird intensiver, bedingt durch den extra dickwandigen Kelch und den hohen massiven und schweren Eisboden aus hochwertigem, italienischen Moreno-Kristallglas.<\/p>\n\n\n\n<p>Ein optisches Highlight f\u00fcr jeden Tisch, f\u00fcr jeden, der edles Design f\u00fcr sich und seine G\u00e4ste liebt, aber auch f\u00fcr jeden, der ein exklusives und au\u00dfergew\u00f6hnliches Geschenk f\u00fcr andere sucht.<\/p>\n\n\n\n<p> <\/p>\n","protected":false},"excerpt":{"rendered":"<p>Einzigartiges Glas-Design, entworfen vom deutschen Designer Andreas Franke, mundgeblasen und handgefertigt in einer norddeutschen Glasmanufaktur. Genauso k\u00fchl, wie es Norddeutschen nachgesagt wird, ist dieses au\u00dfergew\u00f6hnliche Design. Schlicht und anmutig sind diese drei Serien &#8211; INPETTO Long Shot f\u00fcr den kleinen oder INPETTO Cock Tail f\u00fcr den ettttwas l\u00e4ngeren Drink, sowie INPETTO Long f\u00fcr Longdrinks. Die &hellip; <\/p>\n<p class=\"link-more\"><a href=\"https:\/\/inpettodesign.de\/?page_id=590\" class=\"more-link\"><span class=\"screen-reader-text\">\u201ePuristische Gl\u00e4ser\u201c<\/span> weiterlesen<\/a><\/p>\n","protected":false},"author":1,"featured_media":0,"parent":0,"menu_order":0,"comment_status":"closed","ping_status":"closed","template":"","meta":[],"_links":{"self":[{"href":"https:\/\/inpettodesign.de\/index.php?rest_route=\/wp\/v2\/pages\/590"}],"collection":[{"href":"https:\/\/inpettodesign.de\/index.php?rest_route=\/wp\/v2\/pages"}],"about":[{"href":"https:\/\/inpettodesign.de\/index.php?rest_route=\/wp\/v2\/types\/page"}],"author":[{"embeddable":true,"href":"https:\/\/inpettodesign.de\/index.php?rest_route=\/wp\/v2\/users\/1"}],"replies":[{"embeddable":true,"href":"https:\/\/inpettodesign.de\/index.php?rest_route=%2Fwp%2Fv2%2Fcomments&post=590"}],"version-history":[{"count":14,"href":"https:\/\/inpettodesign.de\/index.php?rest_route=\/wp\/v2\/pages\/590\/revisions"}],"predecessor-version":[{"id":759,"href":"https:\/\/inpettodesign.de\/index.php?rest_route=\/wp\/v2\/pages\/590\/revisions\/759"}],"wp:attachment":[{"href":"https:\/\/inpettodesign.de\/index.php?rest_route=%2Fwp%2Fv2%2Fmedia&parent=590"}],"curies":[{"name":"wp","href":"https:\/\/api.w.org\/{rel}","templated":true}]}}